he units digit of v?
2
Suppose 3*s - 4 = 2*s, -3*b + 4*s + 131 = 0. What is the units digit of b?
9
Suppose -4*o + v = -7, -4*o - v = v - 22. Suppose -o*y + 8*y - 25 = 0. What is the units digit of y?
5
Let c = -3 + 7. Suppose 0 = -5*b - 2*n + 104 - 7, 100 = 4*b - c*n. What is the tens digit of b?
2
Let r = -14 - -20. Let f(q) = 2*q - 2. What is the tens digit of f(r)?
1
Let l = -11 - -13. Suppose 5*k - 15 = 2*y + 3*y, 0 = -k - l*y + 18. What is the units digit of k?
8
Let a(u) = -u - 4. Let f(b) = b - 6. Let y be f(-4). What is the units digit of a(y)?
6
Suppose -3*i - 4*r + 144 = -2*i, -4*i + 524 = 3*r. Suppose 2*s = 6*s - i. What is the units digit of s?
2
Let v = 229 - 130. Suppose 3*t = 8*t + 3*g - v, -3*g = -2*t + 27. What is the tens digit of t?
1
Let d = -69 - -103. Suppose -5*f = 5*s - s - 48, -3*f = 5*s - d. What is the units digit of f?
8
Suppose 0*j + 4*j = 12. Suppose 0 = -5*x + 25, -20 = -u - j*x + 5. What is the tens digit of u?
1
Let y = 16 - 12. What is the units digit of y?
4
Let j = -6 - -10. What is the units digit of j?
4
What is the units digit of -3 + 2 + 4/2?
1
Let p = 3 + 0. Suppose -4*x = -p*x. Suppose 0 = v + 4*l - 4, 2*l + 3*l = x. What is the units digit of v?
4
Suppose -3*q + 12 = -q. Let c(l) = -l**2 + 8*l + 3. Let z be c(q). Suppose 19 = -u - 5*h, -z = -3*h + 6*h. What is the units digit of u?
6
Let h(l) be the first derivative of 2*l**2 + 2. What is the units digit of h(2)?
8
Let b(s) = s + 9. Let l be b(-11). Let f be 3*(l - 33/(-9)). Suppose -8 = 4*z - f*z. What is the units digit of z?
8
Let o(h) = -h**2 - 9*h - 3. Let q be o(-8). Suppose -3*c - 8 = -q*x, 2*c = 7*c - 5*x. Suppose -c*y - 1 = -45. What is the units digit of y?
1
What is the hundreds digit of 2770/15 + (24/(-9) - -3)?
1
What is the units digit of (93 - 34)*(-6)/(-2)?
7
Let n(l) be the third derivative of -l**6/720 - l**5/30 - l**4/8 - 3*l**2. Let d(g) be the second derivative of n(g). What is the units digit of d(-8)?
4
Let x(q) be the first derivative of q**4/4 - 8*q**3/3 + 7*q**2/2 + 3*q - 1. Let m be -2*(4/10)/((-8)/70). What is the units digit of x(m)?
3
Let z = -100 - -148. What is the units digit of z?
8
Let u(b) = -b**2 + 37*b - 7. What is the hundreds digit of u(31)?
1
Let i be (1 - 2/(-2)) + -3. Let z(g) = -6*g**3 - g**2 + 1. What is the units digit of z(i)?
6
Let u be -2*(63/6)/7. What is the units digit of u/6 + 42/4?
0
Suppose 0 = 3*b - 2*p - p - 1188, 0 = -2*b - 4*p + 774. What is the tens digit of b?
9
Suppose -5*b + 3*b = 6. Let c(n) = -3*n - 3. What is the units digit of c(b)?
6
Suppose -8*y - 252 = -2612. What is the hundreds digit of y?
2
Suppose 13 = -3*v + 49. What is the tens digit of v?
1
Let d(x) = x**3 + 6*x**2 - 3. Let v = -3 - 1. What is the tens digit of d(v)?
2
Let m(s) be the first derivative of -s**4/4 - 7*s**3/3 - 3*s**2 + 5*s - 2. Let l be m(-6). Suppose l*v - 8 = 7. What is the units digit of v?
3
Let i = -31 + 43. Suppose -3*y + 2*u - i = -0*u, 5*u - 16 = 4*y. Let t = y + 9. What is the units digit of t?
5
Suppose -2*w + 8 = -6. Suppose -56 = -w*n + 3*n. What is the units digit of n?
4
Let x = -6 + 2. Let t = x - -8. What is the units digit of t?
4
Suppose 0 = -3*h - 2*h + 35. What is the tens digit of (-4)/14 - (-121)/h?
1
What is the units digit of (4/(-4))/(1/(-5))?
5
Let r = 25 - 20. Suppose -2*t + n + 2 = -16, -r*t = 3*n - 56. What is the tens digit of t?
1
Suppose -k + 27 = -n - 0*n, -5*k - n + 135 = 0. What is the tens digit of k?
2
Let z = -15 - -16. What is the tens digit of (14/4)/(z/10)?
3
What is the units digit of (-3)/(-1) + 3*2443/21?
2
Let p = 25 - 18. Suppose 0*k = s - 4*k + p, 4*s - 2*k - 28 = 0. What is the units digit of s?
9
Let k(x) be the first derivative of x**4/4 - 11*x**3/3 + 6*x**2 - 15*x + 1. Let g = -93 - -103. What is the units digit of k(g)?
5
Let o = -12 - -16. Suppose -o*c - 40 = -132. What is the units digit of c?
3
Let o(u) = -u**2 - 9*u + 3. Let i be o(-10). Let r = 14 + i. What is the units digit of r?
7
Let d = -7 + 52. Suppose f + 4*f = -25, -5*v + d = 2*f. What is the tens digit of v?
1
Let w = 13 - 10. Suppose -2*q - w + 2 = 5*v, 2*v = 2*q - 6. What is the units digit of q?
2
Let i(w) = w**2 + 9*w - 2. What is the tens digit of i(-12)?
3
Let s be ((-3)/3*2)/1. Let u be 6/s - -2 - -5. Suppose -36 = -5*w - y, -y - 52 = -4*w + u*y. What is the units digit of w?
8
Suppose 0 = 5*r, 5*r = 5*o + 3*r - 625. What is the tens digit of o?
2
Let s(g) = -7*g**2 + g + 2. Let l be s(2). Let v = l - -40. Suppose 0 = 3*j - j - v. What is the units digit of j?
8
Let r(m) = 10*m - 14. What is the hundreds digit of r(18)?
1
What is the tens digit of 45 - -6*(-5)/15?
4
Suppose -n + 1 = 5*b + 8, b + 5 = n. Let q = n + -5. Let a(x) = -x + 2. What is the units digit of a(q)?
4
Let i = 2 - -7. What is the units digit of i?
9
Let k be 6/3 - -1 - 0. Let t = k - 1. Suppose -20 = -5*g + 4*a, -t*g + 20 = 3*g - a. What is the units digit of g?
4
Let x = 17 - 11. What is the tens digit of (-8)/x*(-117)/6?
2
Let z be (0/(-1))/(18/18). Suppose z = -5*h + 338 - 58. What is the tens digit of h?
5
Let x = 57 - -14. What is the tens digit of x?
7
Let l(b) = 4*b**2 - 13*b + 19. What is the hundreds digit of l(8)?
1
Let c(h) = -h**3 + 7*h**2 - 8*h + 6. Let n be c(6). Let q = 11 + n. Suppose 6*x - q = x. What is the units digit of x?
1
What is the tens digit of 19/(-3)*(-45)/5?
5
Let k(g) be the third derivative of -g**5/60 - g**4/2 - 2*g**3/3 - 3*g**2. What is the tens digit of k(-9)?
2
Suppose 11*o - 452 = -144. What is the units digit of o?
8
Suppose -138 = -w - 2*w. What is the tens digit of w?
4
Let b(t) = -t + 2. Let d be b(0). Suppose -d*u + 6 = u. Suppose 5*x = 2*w - 3*w + 23, u*w - 1 = 5*x. What is the units digit of w?
8
Let x(o) = -o**3 - 2*o**2 + o + 1. Let t be x(-1). Let y(r) = -11*r**3 + 2*r + 1. What is the tens digit of y(t)?
1
Let y(p) = p**2 - 8*p. Let c be y(10). Let v = 1 + 2. Suppose -v*t + c = t. What is the units digit of t?
5
Suppose 0 = 7*l + 61 - 866. What is the tens digit of l?
1
Suppose -l - l - 10 = 0. Let j(q) = -2*q - 1. What is the units digit of j(l)?
9
Let o = 12 + -11. Suppose -3*q - 5 = 2*q. What is the units digit of (-7 - o/(-1))*q?
6
Let f(i) = -i**3 + 15*i**2 - i + 40. What is the tens digit of f(14)?
2
Let c = 1 - -2. Suppose m + c = 10. Suppose 4*p - 3*d = 51 - 2, d - m = -p. What is the tens digit of p?
1
Let k = 6 - 4. What is the units digit of (-4 - (2 + -5)) + k?
1
Let k be -18 - 4/(-8)*-4. What is the units digit of (-8)/k + 93/5?
9
Suppose 0*j + 3*j - 15 = 0. Let u be 6/(-15) - 58/j. Let a = -6 - u. What is the units digit of a?
6
Suppose 142 = 2*x - 140. What is the units digit of x?
1
What is the tens digit of 18/(-9) - (-215)/1?
1
Let j = 61 - -84. Suppose 0 = 4*r + 25 - j. What is the tens digit of r?
3
Let d = -1 - -3. What is the units digit of (-3 - -5)/(1/d)?
4
Let u(r) = -r**3 - 7*r**2 - 5*r + 5. Let k be u(-6). Let g = 3 + k. Suppose 2*c - c - 5*q - 10 = 0, 3*c - g*q - 17 = 0. What is the units digit of c?
5
Let x = -136 - -191. What is the units digit of x?
5
Suppose -g = -3*s + 3*g - 3, -4*s - 3*g - 29 = 0. Let u = 1 - s. What is the units digit of u?
6
Suppose -4*p + z = -21, 0 = p + 2*p + 5*z - 33. What is the units digit of p?
6
Let d = -2 - -81. What is the units digit of d?
9
Let f(i) be the second derivative of i**5/120 + 13*i**4/24 + i**3/2 - 2*i. Let l(v) be the second derivative of f(v). What is the units digit of l(-9)?
4
Suppose 2*v - 6*v = 0. Suppose v = -3*n - 3 - 6. Let o(r) = r**2. What is the units digit of o(n)?
9
Suppose 3*z = -0*z - 12. Let h be 1*38/(-14) - 2/7. What is the tens digit of (z - h)*(-1 - 10)?
1
Let k = 357 - -65. What is the tens digit of k?
2
Let h be 2 + 4 + 0 - 0. Suppose 0*d + 3 = -d. Let z = h - d. What is the units digit of z?
9
Let r = 3 + 0. Let t be (-1)/4 - r/(-12). What is the units digit of (-2)/(-6)*t + 5?
5
Let f(p) be the third derivative of p**2 - 1/6*p**4 - p**3 + 1/60*p**5 + 0 + 0*p. What is the units digit of f(6)?
6
Let h be 4/14 - (-206)/14. Let i = h - 4. What is the units digit of i?
1
Suppose 0*f + 2*f + 2*u + 8 = 0, 3*u = -6. Let g = f - -6. Let d = g - 3. What is the units digit of d?
1
Suppose 3*q = -q + 56. Let y be 6/(-9) + q/3. Suppose -r + 5 = -y. What is the units digit of r?
9
L